9 a composite number?
False
Is 634164469 composite?
False
Is 642248657 composite?
True
Is 47378477 composite?
False
Is 2517833 a composite number?
True
Is 808123727 a composite number?
True
Is 20718031 a composite number?
False
Is 66560995 prime?
False
Is 6453879 prime?
False
Is 1812941 prime?
False
Is 74839361 composite?
True
Is 67522099 prime?
True
Is 139206533 a composite number?
False
Is 18015479 prime?
True
Is 15511 prime?
True
Is 44746717 a composite number?
False
Is 103819801 prime?
True
Is 1273439 composite?
True
Is 445859 a composite number?
True
Is 51363083 a prime number?
False
Is 23299457 prime?
True
Is 2726657 composite?
False
Is 113194121 a prime number?
False
Is 285306013 composite?
False
Is 182435453 composite?
True
Is 199589083 a composite number?
False
Is 60765041 composite?
True
Is 44392471 composite?
False
Is 589639 composite?
False
Is 2042081 composite?
True
Is 205298633 a composite number?
True
Is 3163219 composite?
True
Is 5088761 a prime number?
True
Is 16919813 a prime number?
True
Is 81759247 a prime number?
False
Is 8764669 a prime number?
False
Is 255450691 a prime number?
True
Is 63943367 prime?
True
Is 2335519 a composite number?
False
Is 172066991 prime?
False
Is 50323607 composite?
False
Is 229219979 a prime number?
True
Is 11063027 composite?
False
Is 52994771 composite?
False
Is 8479081 prime?
False
Is 239597 a composite number?
False
Is 14118341 a composite number?
False
Is 637902359 a prime number?
True
Is 51565585 prime?
False
Is 38532259 a composite number?
False
Is 2450149 prime?
False
Is 576944563 a prime number?
False
Is 558863 composite?
False
Is 15387143 composite?
False
Is 1277957 a prime number?
True
Is 10936781 a prime number?
True
Is 32916577 a composite number?
False
Is 1216446013 a prime number?
True
Is 263512567 a prime number?
False
Is 4473299 prime?
True
Is 21070393 a prime number?
True
Is 102883943 a prime number?
True
Is 449444873 a composite number?
False
Is 21155943 a prime number?
False
Is 25526023 prime?
True
Is 27495703 prime?
False
Is 5368027 composite?
True
Is 9123973 composite?
True
Is 92019029 composite?
True
Is 19718627 a composite number?
False
Is 167519999 composite?
False
Is 42433 a prime number?
True
Is 1664681 a prime number?
True
Is 40087759 prime?
True
Is 35577917 prime?
True
Is 15386659 a prime number?
False
Is 81971137 a composite number?
False
Is 102831931 a prime number?
False
Is 4407311 a composite number?
True
Is 51411907 a prime number?
False
Is 28805639 composite?
False
Is 3442139 a composite number?
True
Is 9462493 prime?
False
Is 67923458 a prime number?
False
Is 815389721 prime?
False
Is 39359 composite?
False
Is 8546201 prime?
True
Is 6370693 composite?
True
Is 357165959 a composite number?
False
Is 4796821 composite?
True
Is 33005663 a composite number?
False
Is 76338109 a prime number?
False
Is 6330001 a prime number?
False
Is 166323319 prime?
True
Is 492227 a prime number?
True
Is 9507259 composite?
False
Is 1040681 prime?
False
Is 2024383 prime?
True
Is 564779 a composite number?
False
Is 221938583 a prime number?
False
Is 8053347 a prime number?
False
Is 49079653 prime?
False
Is 744637 composite?
False
Is 955601 a prime number?
True
Is 2126591 composite?
True
Is 143524747 a composite number?
False
Is 38869009 a prime number?
False
Is 119319701 a composite number?
False
Is 196614001 composite?
True
Is 4122019 a prime number?
False
Is 4539247 composite?
False
Is 4741007 prime?
False
Is 614041 prime?
True
Is 1988381 a prime number?
False
Is 20275019 composite?
False
Is 1455143 prime?
True
Is 1822411 prime?
True
Is 2983913 prime?
False
Is 37988281 a prime number?
True
Is 699014326 prime?
False
Is 4401251 composite?
False
Is 3953011 prime?
True
Is 12456811 prime?
False
Is 6492335 a composite number?
True
Is 210011 a composite number?
False
Is 822614173 prime?
False
Is 68969891 prime?
True
Is 53713571 a composite number?
False
Is 320615 prime?
False
Is 4299907 a prime number?
False
Is 175887815 prime?
False
Is 13191781 composite?
True
Is 12023659 a prime number?
True
Is 231584429 composite?
False
Is 702857 composite?
True
Is 211092829 composite?
False
Is 2550101 a prime number?
True
Is 214631 a composite number?
False
Is 25971503 composite?
False
Is 167532071 prime?
False
Is 490643 composite?
False
Is 5856287 composite?
False
Is 56117041 prime?
False
Is 23416807 a prime number?
True
Is 30390091 a prime number?
True
Is 5349563 a prime number?
False
Is 74635619 composite?
False
Is 143177239 a prime number?
True
Is 9752285 prime?
False
Is 55573801 prime?
True
Is 399005999 composite?
True
Is 4193755 composite?
True
Is 77137 composite?
False
Is 86335817 composite?
True
Is 597853 a prime number?
True
Is 7867171 a prime number?
False
Is 11422073 prime?
False
Is 21562447 a composite number?
True
Is 47132641 a prime number?
True
Is 195669389 a composite number?
False
Is 18130727 a composite number?
False
Is 26964681 prime?
False
Is 155800213 prime?
False
Is 7061449 a composite number?
False
Is 284318287 a prime number?
False
Is 151682241 composite?
True
Is 357890473 a prime number?
True
Is 5823793 a prime number?
True
Is 6226673 composite?
False
Is 156046901 composite?
True
Is 1906451 composite?
True
Is 11187613 composite?
True
Is 5667667 a composite number?
False
Is 233140901 a prime number?
False
Is 811253 a composite number?
False
Is 914777 prime?
True
Is 36916457 a composite number?
False
Is 2487007 prime?
False
Is 5315811 a composite number?
True
Is 192230053 a prime number?
True
Is 8840057 prime?
True
Is 584795611 composite?
False
Is 331582409 prime?
False
Is 2012215 a composite number?
True
Is 5934319 a prime number?
False
Is 32775533 composite?
True
Is 845717 composite?
False
Is 880483 prime?
True
Is 1162037 a prime number?
True
Is 37755079 prime?
False
Is 370558667 prime?
True
Is 166451 composite?
True
Is 1682589 composite?
True
Is 15195121 prime?
True
Is 38138707 composite?
False
Is 15071839 a composite number?
True
Is 38387539 prime?
False
Is 4747429 composite?
True
Is 54427489 prime?
False
Is 2339461 a composite number?
False
Is 5512673 prime?
False
Is 1589662 a prime number?
False
Is 5633867 a composite number?
False
Is 24375379 a prime number?
False
Is 13357973 a composite number?
False
Is 2687527 prime?
False
Is 58584833 prime?
True
Is 77899 composite?
False
Is 17309087 a prime number?
False
Is 9976147 composite?
True
Is 4789363 a prime number?
True
Is 7048859 a prime number?
True
Is 127233809 a prime number?
False
Is 217696931 prime?
True
Is 6645881 prime?
False
Is 208705369 a composite number?
False
Is 1303241 composite?
False
Is 3533015 prime?
False
Is 5774162 a composite number?
True
Is 537233 a prime number?
True
Is 44396021 a prime number?
True
Is 54125441 a prime number?
True
Is 1739645 a prime number?
False
Is 42001051 prime?
True
Is 204662087 composite?
True
Is 150916993 a prime number?
False
Is 44221837 composite?
True
Is 962923 a prime number?
False
Is 85782787 a composite number?
True
Is 215641 prime?
False
Is 132693503 composite?
True
Is 1451497 prime?
False
Is 806257 a prime number?
True
Is 81118174 composite?
True
Is 31902743 a composite number?
True
Is 4252387 composite?
True
Is 16144378 a composite number?
True
Is 2945609 prime?
True
Is 2858059 composite?
False
Is 338298803 composite?
False
Is 2693071 composite?
False
Is 1047205 a prime number?
False
Is 38960561 composite?
False
Is 11449799 a composite number?
True
Is 29884531 a composite number?
True
Is 619699 prime?
False
Is 3514109 a composite number?
False
Is 129691 a prime number?
False
Is 13497179 composite?
True
Is 272477371 a composite number?
True
Is 760093419 prime?
False
Is 193404811 prime?
False
Is 362711537 composite?
False
Is 12235703 a prime number?
True
Is 30433147 a prime number?
True
Is 9336659 prime?
False
Is 599960003 a composite number?
True
Is 12437173 a prime number?
False
Is 97516883 prime?
False
Is 707855173 a prime number?
True
Is 7769373 composite?
True
Is 1084267 composite?
False
Is 1371659 prime?
False
Is 1550759 composite?
True
Is 1832927 prime?
True
Is 250086149 composite?
False
Is 18721499 a composite number?
True
Is 14262233 prime?
True
Is 4176122 a prime number?
False
Is 25464821 prime?
True
Is 42677207 a composite number?
True
Is 115959553 a prime num